 is the thousands digit of 1471059?
1
What is the units digit of 901628?
8
What is the ten thousands digit of 12619107?
1
What is the hundreds digit of 156302?
3
What is the units digit of 254287?
7
What is the ten thousands digit of 1774361?
7
What is the hundreds digit of 461786?
7
What is the thousands digit of 1514161?
4
What is the tens digit of 3536657?
5
What is the ten thousands digit of 11952?
1
What is the thousands digit of 4587105?
7
What is the thousands digit of 626194?
6
What is the hundred thousands digit of 190763?
1
What is the thousands digit of 6655388?
5
What is the units digit of 64677?
7
What is the ten thousands digit of 888891?
8
What is the hundreds digit of 355913?
9
What is the hundreds digit of 267744?
7
What is the units digit of 460995?
5
What is the ten thousands digit of 255688?
5
What is the hundred thousands digit of 188666?
1
What is the units digit of 89160?
0
What is the hundreds digit of 51515?
5
What is the thousands digit of 380230?
0
What is the millions digit of 2052140?
2
What is the hundred thousands digit of 3383949?
3
What is the hundred thousands digit of 179651?
1
What is the ten thousands digit of 3623146?
2
What is the tens digit of 271187?
8
What is the hundred thousands digit of 830287?
8
What is the ten millions digit of 11417919?
1
What is the hundreds digit of 382410?
4
What is the hundreds digit of 169950?
9
What is the thousands digit of 3108221?
8
What is the thousands digit of 18103?
8
What is the units digit of 30920?
0
What is the units digit of 531883?
3
What is the ten thousands digit of 239649?
3
What is the millions digit of 3047038?
3
What is the units digit of 15086488?
8
What is the millions digit of 6070078?
6
What is the ten thousands digit of 17052?
1
What is the units digit of 309245?
5
What is the thousands digit of 26235?
6
What is the thousands digit of 2383108?
3
What is the tens digit of 1358219?
1
What is the tens digit of 44490579?
7
What is the ten thousands digit of 200734?
0
What is the thousands digit of 9986483?
6
What is the tens digit of 1784243?
4
What is the tens digit of 493284?
8
What is the units digit of 449587?
7
What is the hundreds digit of 562715?
7
What is the ten thousands digit of 1687646?
8
What is the ten thousands digit of 129413?
2
What is the millions digit of 3302931?
3
What is the thousands digit of 28409668?
9
What is the units digit of 391112?
2
What is the hundred thousands digit of 1914461?
9
What is the hundreds digit of 989356?
3
What is the tens digit of 52421?
2
What is the hundreds digit of 21278658?
6
What is the hundreds digit of 453692?
6
What is the hundreds digit of 11214?
2
What is the thousands digit of 8394482?
4
What is the thousands digit of 555904?
5
What is the tens digit of 2731682?
8
What is the hundred thousands digit of 7198591?
1
What is the ten thousands digit of 811211?
1
What is the ten thousands digit of 24891?
2
What is the thousands digit of 3091911?
1
What is the hundred thousands digit of 353234?
3
What is the units digit of 867526?
6
What is the tens digit of 1270577?
7
What is the hundreds digit of 769216?
2
What is the millions digit of 4261920?
4
What is the ten thousands digit of 27687?
2
What is the hundred thousands digit of 290920?
2
What is the units digit of 7701747?
7
What is the hundred thousands digit of 445174?
4
What is the hundred thousands digit of 2462086?
4
What is the hundreds digit of 7623762?
7
What is the tens digit of 8933487?
8
What is the millions digit of 2433205?
2
What is the ten thousands digit of 4318733?
1
What is the hundred thousands digit of 757018?
7
What is the thousands digit of 76169?
6
What is the hundreds digit of 704822?
8
What is the thousands digit of 440313?
0
What is the hundreds digit of 1160849?
8
What is the ten millions digit of 12119622?
1
What is the units digit of 5296196?
6
What is the hundred thousands digit of 395293?
3
What is the tens digit of 264111?
1
What is the hundred thousands digit of 594941?
5
What is the hundred thousands digit of 7056379?
0
What is the units digit of 576292?
2
What is the units digit of 25736263?
3
What is the hundreds digit of 7125967?
9
What is the tens digit of 474477?
7
What is the tens digit of 245698?
9
What is the hundred thousands digit of 659889?
6
What is the ten thousands digit of 149027?
4
What is the ten millions digit of 10212517?
1
What is the millions digit of 10956933?
0
What is the hundreds digit of 266279?
2
What is the tens digit of 592856?
5
What is the hundred thousands digit of 8709957?
7
What is the tens digit of 26189148?
4
What is the hundreds digit of 85333?
3
What is the ten thousands digit of 193415?
9
What is the thousands digit of 665399?
5
What is the ten thousands digit of 13114018?
1
What is the tens digit of 238784?
8
What is the hundreds digit of 9675777?
7
What is the ten thousands digit of 39750?
3
What is the hundred thousands digit of 6234961?
2
What is the millions digit of 1855644?
1
What is the hundred thousands digit of 1352248?
3
What is the thousands digit of 128088?
8
What is the hundreds digit of 9955?
9
What is the hundreds digit of 75462?
4
What is the millions digit of 1133241?
1
What is the units digit of 788399?
9
What is the ten thousands digit of 107091?
0
What is the millions digit of 1149976?
1
What is the ten thousands digit of 1776198?
7
What is the ten thousands digit of 9921084?
2
What is the tens digit of 999735?
3
What is the units digit of 14152?
2
What is the hundreds digit of 10152340?
3
What is the hundreds digit of 1287967?
9
What is the ten thousands digit of 157546?
5
What is the thousands digit of 229988?
9
What is the hundred thousands digit of 5712507?
7
What is the hundred thousands digit of 1368010?
3
What is the thousands digit of 2307874?
7
What is the ten thousands digit of 29896884?
9
What is the ten thousands digit of 917290?
1
What is the units digit of 2368299?
9
What is the tens digit of 5312063?
6
What is the hundreds digit of 239307?
3
What is the units digit of 108151?
1
What is the hundred thousands digit of 522786?
5
What is the millions digit of 1668878?
1
What is the thousands digit of 3893184?
3
What is the hundred thousands digit of 2561533?
5
What is the hundreds digit of 386484?
4
What is the ten thousands digit of 260832?
6
What is the thousands digit of 2897250?
7
What is the hundred thousands digit of 8775177?
7
What is the hundred thousands digit of 4613894?
6
What is the units digit of 579308?
8
What is the units digit of 486102?
2
What is the tens digit of 2581596?
9
What is the tens digit of 8908?
0
What is the units digit of 1464988?
8
What is the hundreds digit of 5946796?
7
What is the thousands digit of 31426?
1
What is the thousands digit of 8235?
8
What is the thousands digit of 10871673?
1
What is the hundred thousands digit of 19607899?
6
What is the ten thousands digit of 334270?
3
What is the hundred thousands digit of 249277?
2
What is the thousands digit of 6062976?
2
What is the hundred thousands digit of 333248?
3
What is the millions digit of 5832418?
5
What is the ten thousands digit of 216782?
1
What is the tens digit of 39498?
9
What is the tens digit of 152267?
6
What is the thousands digit of 2660938?
0
What is the millions digit of 7670259?
7
What is the hundreds digit of 140781?
7
What is the units digit of 17701974?
4
What is the ten thousands digit of 3629221?
2
What is the hundred thousands digit of 1604172?
6
What is the units digit of 10355217?
7
What is the thousands digit of 233175?
3
What is the ten thousands digit of 15210645?
1
What is the ten thousands digit of 6585975?
8
What is the units digit of 495531?
1
What is the ten thousands digit of 1868718?
6
What is the units digit of 18885351?
1
What is the hundreds digit of 6639968?
9
What is the units digit of 5404797?
7
What is the tens digit of 225388?
8
What is the hundred thousands digit of 583105?
5
What is the hundred thousands digit of 928853?
9
What is the hundred thousands digit of 858317?
8
What is the hundreds digit of 5096728?
7
What is the ten thousands digit of 87589?
8
What is the units digit of 150393?
3
What is the thousands digit of 227007?
7
What is the thousands digit of 91711?
1
What is the tens digit of 921042?
4
Wh